{"id":26,"date":"2018-02-18T16:54:17","date_gmt":"2018-02-18T15:54:17","guid":{"rendered":"https:\/\/methodes-et-savoirs.fr\/?page_id=26"},"modified":"2025-08-12T16:21:31","modified_gmt":"2025-08-12T14:21:31","slug":"accueil","status":"publish","type":"page","link":"https:\/\/methodes-et-savoirs.fr\/","title":{"rendered":"Apprendre \u00e0 apprendre, pourquoi faire ?"},"content":{"rendered":"<div style=\"width: 660px;\" class=\"wp-video\"><!--[if lt IE 9]><script>document.createElement('video');<\/script><![endif]-->\n<video class=\"wp-video-shortcode\" id=\"video-26-1\" width=\"660\" height=\"371\" preload=\"metadata\" controls=\"controls\"><source type=\"video\/mp4\" src=\"https:\/\/methodes-et-savoirs.fr\/wp-content\/uploads\/2023\/01\/Valerie-video-2023.mp4?_=1\" \/><a href=\"https:\/\/methodes-et-savoirs.fr\/wp-content\/uploads\/2023\/01\/Valerie-video-2023.mp4\">https:\/\/methodes-et-savoirs.fr\/wp-content\/uploads\/2023\/01\/Valerie-video-2023.mp4<\/a><\/video><\/div>\n<p style=\"text-align: center;\"><strong><img loading=\"lazy\" class=\"alignnone  wp-image-1185\" src=\"https:\/\/methodes-et-savoirs.fr\/wp-content\/uploads\/2025\/08\/appr.a.appr_-300x300.png\" alt=\"\" width=\"193\" height=\"193\" srcset=\"https:\/\/methodes-et-savoirs.fr\/wp-content\/uploads\/2025\/08\/appr.a.appr_-300x300.png 300w, https:\/\/methodes-et-savoirs.fr\/wp-content\/uploads\/2025\/08\/appr.a.appr_-1024x1024.png 1024w, https:\/\/methodes-et-savoirs.fr\/wp-content\/uploads\/2025\/08\/appr.a.appr_-150x150.png 150w, https:\/\/methodes-et-savoirs.fr\/wp-content\/uploads\/2025\/08\/appr.a.appr_-768x768.png 768w, https:\/\/methodes-et-savoirs.fr\/wp-content\/uploads\/2025\/08\/appr.a.appr_-1536x1536.png 1536w, https:\/\/methodes-et-savoirs.fr\/wp-content\/uploads\/2025\/08\/appr.a.appr_-2048x2048.png 2048w\" sizes=\"(max-width: 193px) 100vw, 193px\" \/>\u00a0 <img loading=\"lazy\" class=\"alignnone  wp-image-1143\" src=\"https:\/\/methodes-et-savoirs.fr\/wp-content\/uploads\/2024\/07\/50-credit-Impot-300x288.jpg\" alt=\"\" width=\"200\" height=\"192\" srcset=\"https:\/\/methodes-et-savoirs.fr\/wp-content\/uploads\/2024\/07\/50-credit-Impot-300x288.jpg 300w, https:\/\/methodes-et-savoirs.fr\/wp-content\/uploads\/2024\/07\/50-credit-Impot-768x738.jpg 768w, https:\/\/methodes-et-savoirs.fr\/wp-content\/uploads\/2024\/07\/50-credit-Impot.jpg 800w\" sizes=\"(max-width: 200px) 100vw, 200px\" \/><img loading=\"lazy\" class=\"alignnone  wp-image-1175\" src=\"https:\/\/methodes-et-savoirs.fr\/wp-content\/uploads\/2024\/11\/Logo-SAP-pr-Site-Web-300x253.jpg\" alt=\"\" width=\"191\" height=\"161\" srcset=\"https:\/\/methodes-et-savoirs.fr\/wp-content\/uploads\/2024\/11\/Logo-SAP-pr-Site-Web-300x253.jpg 300w, https:\/\/methodes-et-savoirs.fr\/wp-content\/uploads\/2024\/11\/Logo-SAP-pr-Site-Web.jpg 391w\" sizes=\"(max-width: 191px) 100vw, 191px\" \/><\/strong><\/p>\n<p style=\"text-align: center;\"><span style=\"color: #000000;\"><em>\u00ab\u00a0All\u00f4 ? Bonjour, je m&rsquo;appelle&#8230;. et je vous contacte parce que mon fils est en difficult\u00e9 ; ses r\u00e9sultats ne sont pas satisfaisants. Il perd confiance en lui et n&rsquo;arrive pas \u00e0 se motiver pour travailler !<\/em> \u00ab\u00a0<\/span><\/p>\n<p><span style=\"color: #000000;\"><em>\u00ab\u00a0Bonjour, je vous contacte parce que ma fille, H.P.I (Haut potentiel intellectuel),\u00a0 est en train de d\u00e9crocher. En fait, je constate qu&rsquo; elle ne SAIT PAS TRAVAILLER !! Elle ne sait pas comment s&rsquo;organiser .\u00a0\u00bb<\/em> <\/span><\/p>\n<p><em>\u00ab\u00a0Bonjour Madame, je suis \u00e9tudiante et actuellement je suis d\u00e9sempar\u00e9e. Je ne sais pas comment faire ! Je n&rsquo;arrive pas \u00e0 g\u00e9rer la charge de travail car je manque de rigueur<\/em><em>&#8230;\u00a0\u00bb <\/em><\/p>\n<p><em>\u00ab\u00a0Bonjour, je vous \u00e9cris ce mail parce que mon fils est porteur de troubles des apprentissages et il \u00e9prouve des difficult\u00e9s \u00e0 apprendre ses le\u00e7ons et \u00e0 les restituer. Pourriez-vous l&rsquo;aider ? \u00ab\u00a0<\/em><\/p>\n<p><em>\u00ab\u00a0All\u00f4 Madame, bonjour, je suis chef entreprise et j&rsquo;ai des collaborateurs en difficult\u00e9 dans la gestion de leur temps et du coup de leurs t\u00e2ches. Pouvez-vous les aider \u00e0 revoir leur m\u00e9thode ? \u00a0\u00bb\u00a0\u00a0 etc&#8230;\u00a0\u00a0 <\/em><\/p>\n<p><span style=\"color: #800080;\">Voici quelques exemples de demandes qui justifient l&rsquo;int\u00e9r\u00eat d&rsquo;avoir recours \u00e0 <\/span><strong><span style=\"color: #800080;\"><span style=\"color: #3366ff;\">M\u00e9thodes &amp; Savoirs<\/span><span class=\"has-inline-color\"><span style=\"color: #3366ff;\">\u00ae<\/span>. <\/span><\/span><\/strong><\/p>\n<p><strong><span style=\"color: #800080;\"><span class=\"has-inline-color\"><span style=\"color: #3366ff;\">M\u00e9thodes &amp; Savoirs\u00ae<\/span> <\/span><\/span><\/strong><span style=\"color: #800080;\"><span class=\"has-inline-color\">propose d&rsquo;acqu\u00e9rir des <strong>techniques<\/strong> et des <strong>outils exp\u00e9riment\u00e9s<\/strong> pour mettre en place une <strong>m\u00e9thode de travail <\/strong><\/span><\/span><span style=\"color: #800080;\"><span class=\"has-inline-color\"><strong>efficace et personnalis\u00e9e<\/strong>. <\/span>L&rsquo;approche en m\u00e9thodologie \u00ab\u00a0Apprendre \u00e0 apprendre\u00a0\u00bb est compos\u00e9e de moyens concrets pour apporter des solutions applicables de suite.<br \/><\/span><\/p>\n<p><span style=\"color: #800080;\">Les <strong>s\u00e9ances<\/strong> se d\u00e9roulent aujourd&rsquo;hui <strong>\u00e0 domicile<\/strong> pour un confort maximal, un impact plus efficient et le droit de profiter d&rsquo;une <strong>r\u00e9duction de 50 %<\/strong> !<\/span><\/p>\n<p><strong><span style=\"color: #800080;\"> Bienvenue sur ce site pour en savoir plus &#8230; <\/span><\/strong><\/p>\n<p><strong><span style=\"color: #800080;\">Val\u00e9rie TOLLET<\/span><\/strong><strong><span style=\"color: #800080;\"><br \/><\/span><\/strong><\/p>\n<p><strong><span style=\"color: #800080;\"> \u00a0\u00a0<\/span><\/strong><\/p>\n<p><strong><span style=\"color: #800080;\">\u00a0<\/span><\/strong><\/p>\n\n\n<p><\/p>\n","protected":false},"excerpt":{"rendered":"<p>\u00a0 \u00ab\u00a0All\u00f4 ? Bonjour, je m&rsquo;appelle&#8230;. et je vous contacte parce que mon fils est en difficult\u00e9 ; ses r\u00e9sultats ne sont pas satisfaisants. Il perd confiance en lui et n&rsquo;arrive pas \u00e0 se motiver pour travailler ! \u00ab\u00a0 \u00ab\u00a0Bonjour, je vous contacte parce que ma fille, H.P.I (Haut potentiel intellectuel),\u00a0 est en train de &hellip; <a href=\"https:\/\/methodes-et-savoirs.fr\/\" class=\"more-link\">Continuer la lecture de <span class=\"screen-reader-text\">Apprendre \u00e0 apprendre, pourquoi faire ?<\/span><\/a><\/p>\n","protected":false},"author":1,"featured_media":847,"parent":0,"menu_order":0,"comment_status":"closed","ping_status":"closed","template":"","meta":[],"_links":{"self":[{"href":"https:\/\/methodes-et-savoirs.fr\/index.php?rest_route=\/wp\/v2\/pages\/26"}],"collection":[{"href":"https:\/\/methodes-et-savoirs.fr\/index.php?rest_route=\/wp\/v2\/pages"}],"about":[{"href":"https:\/\/methodes-et-savoirs.fr\/index.php?rest_route=\/wp\/v2\/types\/page"}],"author":[{"embeddable":true,"href":"https:\/\/methodes-et-savoirs.fr\/index.php?rest_route=\/wp\/v2\/users\/1"}],"replies":[{"embeddable":true,"href":"https:\/\/methodes-et-savoirs.fr\/index.php?rest_route=%2Fwp%2Fv2%2Fcomments&post=26"}],"version-history":[{"count":93,"href":"https:\/\/methodes-et-savoirs.fr\/index.php?rest_route=\/wp\/v2\/pages\/26\/revisions"}],"predecessor-version":[{"id":1187,"href":"https:\/\/methodes-et-savoirs.fr\/index.php?rest_route=\/wp\/v2\/pages\/26\/revisions\/1187"}],"wp:featuredmedia":[{"embeddable":true,"href":"https:\/\/methodes-et-savoirs.fr\/index.php?rest_route=\/wp\/v2\/media\/847"}],"wp:attachment":[{"href":"https:\/\/methodes-et-savoirs.fr\/index.php?rest_route=%2Fwp%2Fv2%2Fmedia&parent=26"}],"curies":[{"name":"wp","href":"https:\/\/api.w.org\/{rel}","templated":true}]}}